{"id":193,"date":"2011-05-26T07:15:06","date_gmt":"2011-05-26T05:15:06","guid":{"rendered":"http:\/\/amandine.quiriconi.fr\/?page_id=193"},"modified":"2011-05-26T07:17:42","modified_gmt":"2011-05-26T05:17:42","slug":"193-2","status":"publish","type":"page","link":"http:\/\/amandine.quiriconi.fr\/?page_id=193","title":{"rendered":"1\u00b0 Le Chili"},"content":{"rendered":"<p><a href=\"http:\/\/amandine.quiriconi.fr\/wp-content\/uploads\/2011\/05\/8.gif\"><img loading=\"lazy\" decoding=\"async\" class=\"aligncenter\" title=\"8\" src=\"http:\/\/amandine.quiriconi.fr\/wp-content\/uploads\/2011\/05\/8-300x197.gif\" alt=\"\" width=\"300\" height=\"197\" \/><\/a><\/p>\n<p>&nbsp;<\/p>\n<p><span style=\"text-decoration: underline; color: #800080;\"><em><strong>Le Chili De Santiago \u00e0 San Pedro<\/strong><\/em><\/span><\/p>\n<p>Pur\u00e9e mais quel changement. Apr\u00e8s tant de mois \u00e0 parler anglais,  passer d\u2019un coup \u00e0 l\u2019espagnol, c\u2019est vraiment la mis\u00e8re. On rigole bien  quand m\u00eame. On fait des mix \u00ab\u00a0Fragnol\u00a0\u00bb saupoudr\u00e9s de quelques notes  british\u00a0! \u00c7a va les gens sont agr\u00e9ables et souriants.<\/p>\n<p>Amandine se remet tranquille \u00e0 la langue et Bastien se d\u00e9merde comme il peut\u00a0; \u00ab\u00a0Somos Frances, gracias, una cerveza de mas\u2026\u00a0\u00bb<\/p>\n<p>Et pour la famille Roudil \u00ab\u00a0un pollo, un pescado o un biftek\u00a0\u00bb<\/p>\n<p>&nbsp;<\/p>\n<p>Sur ce, nous voil\u00e0 \u00e0 <strong><em>Santiago<\/em><\/strong>, capitale bond\u00e9e et pollu\u00e9e. Des centaines de tours pour loger plus de 4millions d\u2019habitants.<\/p>\n<p>On prendra le temps de se remettre du d\u00e9calage horaire et balader un petit peu dans le centre.<\/p>\n<p>Mont\u00e9e en funiculaire au <strong><em>C\u00e9ro San Cristobal <\/em><\/strong>avec vue sur la ville et son nuage de pollution, c\u2019est \u00e0 peine si on distingue les monts qui nous entourent.<\/p>\n<p>Les chiliens sont tr\u00e8s croyants (comme toute l\u2019Am\u00e9rique Latine). En  \u00e9tant mont\u00e9 un dimanche, il y avait beaucoup de monde, mais avant des  sportifs tels des cyclistes et coureurs, venus voir ou prier l\u2019immacul\u00e9  conception (la vierge) qui se situe au sommet.<\/p>\n<p>Avant de redescendre ils se boivent un <strong><em>Rico Mot\u00e9<\/em><\/strong> (jus de p\u00eache tr\u00e8s sucr\u00e9 avec morceaux et un genre d\u2019\u00e9bly dans le  fond), alors on aura fait de m\u00eame, mais on en boira pas tout les jours\u00a0!<\/p>\n<p>&nbsp;<\/p>\n<p>Ah Oui, aussi, on vous raconte\u00a0!<\/p>\n<p>Quand Bastien d\u00e9cide de se couper les cheveux \u00e0 minuit et que la  tondeuse lui fait d\u00e9faut et qu\u2019elle d\u00e9cide de ne plus marcher,  heureusement qu\u2019Amandine et son couteau suisse sont l\u00e0 pour lui sauver  la mise. Et faire un semblant de coupe\u00a0!<\/p>\n<p>Merci les filles d\u2019avoir pens\u00e9 au couteau suisse avant de partir, on savait bien qu\u2019il allait servir\u00a0!<\/p>\n<p>Apr\u00e8s ces quelques jours on organise notre voyage en bus. Vu que le  Chili c\u2019est tr\u00e8s \u00e9tendu et que nous sommes cens\u00e9s rester 15 jours, il  fallait faire un choix\u00a0\u2026<\/p>\n<p>Vu qu\u2019on n\u2019est pas \u00e9quip\u00e9s pour le froid de la Patagonie (ds le Sud),  on prendra la route du nord ainsi que la lourde d\u00e9cision de faire  sauter notre vol entre Santiago et Lima.<\/p>\n<p>Heureusement que les bus de la compagnie Turbus, sont \u00ab\u00a0grand  standing\u00a0\u00bb. Vraiment mieux que l\u2019avion, films, clim et m\u00eame un stewart  tr\u00e8s d\u00e9vou\u00e9\u00a0!<\/p>\n<p>Premier stop \u00e0 <strong><em>la  Serena<\/em><\/strong> apr\u00e8s 7 heures de bus.<\/p>\n<p>On d\u00e9barque \u00e0 21h, sans savoir o\u00f9 aller, donc on recherchera  d\u00e9sesp\u00e9r\u00e9ment un lieu pour passer la nuit. Finalement, en demandant \u00e0 un  jeune qui rentrait de l\u2019universit\u00e9, nous irons directement taper chez  l\u2019habitant, qui loue des chambres. C\u2019\u00e9tait marrant parce que ni une ni  deux, il nous a aid\u00e9 \u00e0 chercher dans toutes les rues aux alentours de  chez lui, pour finalement nous d\u00e9goter une maison rien que pour nous  (20$ la nuit).<\/p>\n<p>Lendemain, l\u00e9ger tour avant de finir dans un genre de Polygone, o\u00f9  Mandoux s\u2019ach\u00e8tera de nouvelles Basket Adidas \u00ab\u00a0hautes en couleur\u00a0\u00bb\u00a0!<\/p>\n<p>On goutera aussi \u00e0 leur fameux hot dog chilien. Yearkkk\u00a0!&#8230;<\/p>\n<p>Puis \u00e0 20h c\u2019est reparti pour 14h de bus jusqu\u2019\u00e0 <strong><em>Antofagasta<\/em><\/strong>.<\/p>\n<p>Une fois arriv\u00e9e \u00e0 8h du mat, notre mission du jour, avant de  reprendre un bus \u00e0 13h (pour San Pedro de Atacama), sera d\u2019aller voir <strong><em>la Portada<\/em><\/strong>. (Formation rocheuse dans l\u2019Oc\u00e9an situ\u00e9 \u00e0 40 kms de la ville).<\/p>\n<p>On dit MISSION car pour y parvenir, on aura fait la toupie gr\u00e2ce aux  infos peu fiables de certains habitants. On sera tomb\u00e9s bien  heureusement, sur 2 chauffeurs de bus, tr\u00e8s sympas, qui nous auront pas  fait payer dont un qui nous aura emmen\u00e9 personnellement l\u00e0 bas.<\/p>\n<p>All\u00e9luia et Gracias\u00a0!<\/p>\n<p style=\"text-align: center;\"><em>On tombe quand m\u00eame souvent sur des bonnes personnes, on les attire avec notre bonne Aura\u00a0!<\/em><\/p>\n<p><em> <\/em><\/p>\n<p><strong><em>San Pedro de Atacama <\/em><\/strong>situ\u00e9 \u00e0 2300 m d\u2019altitude, avec son d\u00e9sert de sel, le plus aride du monde et avec moins de 30 mm de pluie par an\u00a0!<\/p>\n<p>Avec ce climat et l\u2019altitude, la faune et la flore y sont sp\u00e9ciales\u00a0:  Lamas, Vicunas, \u00a0Flamands roses, \u00a0Petits Renards \u00ab\u00a0appel\u00e9s Zorro\u00a0\u00bb,  Vizcachas (un genre de gros lapin), rapaces, cactus en tout genre (dont  le cactus chandelier qui peut faire jusqu\u2019\u00e0 9m).<\/p>\n<p>Temp\u00e9rature d\u2019\u00e9t\u00e9 la journ\u00e9e et d\u2019hiver la nuit.<\/p>\n<p>D\u2019ici, on peut voir <strong><em>la Cordill\u00e8res<\/em><\/strong><strong><em> des Andes<\/em><\/strong>, avec ces plateaux verdoyants et ces volcans encore actifs pour certain, qui cumulent jusqu\u2019\u00e0 plus de 6000m.<\/p>\n<p>Magnifique et perdu au milieu de nulle part exactement ce que l\u2019on recherchait.<\/p>\n<p>Une fois \u00e0 destination on se dirige vers l\u2019hostal Sonchek, o\u00f9 l\u2019on  avait r\u00e9serv\u00e9 tant bien que mal, une chambre pour les nuits \u00e0 venir.<\/p>\n<p>Seulement la r\u00e9servation n\u2019avait pas \u00e9t\u00e9 prise en comtpe et les  seules places dispo \u00e9taient en dortoir\u2026 Oulala (rappelons nous de notre  derni\u00e8re mauvaise exp\u00e9rience)\u00a0!<\/p>\n<p>En fait tout va bien, il s\u2019agit de dortoir pour 4 personnes maxi et  nous l\u2019aurons partag\u00e9 avec deux allemandes.\u00a0 \u00ab\u00a0 Ahr Ya, Ich Bin Bastien  Und Ich Bin Mude\u00a0\u00bb (hein Pop\u00a0?)<\/p>\n<p>Bref on est tout content\u00a0!<\/p>\n<p>&nbsp;<\/p>\n<p>1 er jour\u00a0; Tour du village pour prendre quelques rep\u00e8res et comparer les prix et activit\u00e9s des moultes agences de tourismes.<\/p>\n<p>Et oui le trou du cul du monde est tr\u00e8s touristique\u00a0!<\/p>\n<p>C\u2019est par la m\u00eame occasion que le deuxi\u00e8me jour, nous visiterons la vall\u00e9e de la Lune, qui ressemble \u00e0 la surface de la  Lune\u00a0!<\/p>\n<p>Et la vall\u00e9e de la  Mort, qui au d\u00e9part n\u2019\u00e9tait rien d\u2019autre que la  vall\u00e9e de Mars \u00ab\u00a0Marte\u00a0\u00bb\u2026 et qui s\u2019est transform\u00e9 peu \u00e0 peu en Muerte,  donc Mort, qui est un nom bien plus vendeur\u00a0!<\/p>\n<p>Nous ferons connaissance avec Dan, gr\u00e2ce \u00e0 un pet de Bastien un peu trop puissant\u00a0!<\/p>\n<p>Le soir nous mangerons ensemble dans un resto musical avec un bon  petit groupe d\u2019ici et d\u2019ailleurs. Merci \u00e0 Batman qui \u00e0 montr\u00e9 le bout de  son nez\u00a0!<\/p>\n<p>&nbsp;<\/p>\n<p><span style=\"text-decoration: underline;\">Petite anecdote\u00a0:<\/span><\/p>\n<p>Dans l\u2019apr\u00e8s midi, nous sommes all\u00e9s retirer de l\u2019argent et avons, on ne sait comment, oubli\u00e9 la carte dans le distributeur.<\/p>\n<p>Le hic, c\u2019est qu\u2019on s\u2019en est rendu compte que le soir au resto, \u00e7a \u00e0 donn\u00e9\u00a0:<\/p>\n<p>A\u00a0: \u00ab\u00a0T\u2019as la carte toi\u00a0?\u00a0\u00bb<\/p>\n<p>B\u00a0: \u00ab\u00a0Ben non\u00a0\u00bb<\/p>\n<p>A\u00a0: \u00ab\u00a0 Moi non plus\u00a0\u00bb<\/p>\n<p>B\u00a0: \u00ab\u00a0C\u2019est toi qui t\u2019en es servie en dernier pour retirer\u00a0\u00bb<\/p>\n<p>A\u00a0: \u00ab\u00a0Merde, je crois que je l\u2019ai oubli\u00e9\u00a0\u00bb<\/p>\n<p>B\u00a0: \u00ab\u00a0Ah ben bravo\u00a0\u00bb<\/p>\n<p>A\u00a0: \u00ab\u00a0Oh \u00e7a va j\u2019ai pas besoin d\u2019entendre \u00e7a, tu \u00e9tais l\u00e0 aussi\u00a0\u00bb<\/p>\n<p>&nbsp;<\/p>\n<p>Et nous voil\u00e0 parti vers le distributeur \u00e0 23 h au cas o\u00f9\u00a0!<\/p>\n<p>Evidement pas de carte Gold, Bast rassure Amandine la fautive\u2026<\/p>\n<p>De retour au resto, on explique cette situation ennuyeuse aux  copains, dont un chilien (Evo), qui nous a dit d\u2019aller voir la police  pas loin.<\/p>\n<p>Gr\u00e2ce \u00e0 notre cul bord\u00e9 de nouilles, de tagliatelles, spaghettis\u00a0\u2026  Ils avaient notre pr\u00e9cieuse carte. Un Big merci \u00e0 la personne qui nous  l\u2019a ramen\u00e9 ainsi qu\u2019\u00e0 notre bonne \u00e9toile.<\/p>\n<p>&nbsp;<\/p>\n<p>3<sup>\u00e8me<\/sup> jour\u00a0; Session sandboard dans la Vall\u00e9e de la Muerte\u00a0!<\/p>\n<p>Pour y aller on aura lou\u00e9 deux v\u00e9los et un surf \u00e0 9h du mat pour ne pas crever de chaud. Vamos \u00e0 la Duna.<\/p>\n<p>C\u2019est comme \u00e0 la neige, mais t\u2019es en short\/ T shirt.<\/p>\n<p>C\u2019\u00e9tait vraiment Fun, on a bien d\u00e9lir\u00e9 avec Patricio (un mec rencontr\u00e9 sur le tas \u00ab\u00a0de sable\u00a0\u00bb hihihihihi).<\/p>\n<p>M\u00eame Bastien a surfer comme un pro, alors que la seule fois o\u00f9 il a  touch\u00e9 un snowboard, c\u2019\u00e9tait seulement pendant 10 minutes avec Florent,  y\u2019a quelques ann\u00e9es d\u00e9j\u00e0.<\/p>\n<p>Le sable \u00e9tait comme de la bonne poudreuse, sauf que le sable \u00e7a  colle quand tu te casse la gueule et qu\u2019il n\u2019y a pas de remont\u00e9es  m\u00e9caniques.<\/p>\n<p>\u00c7a aura \u00e9t\u00e9 sport\u00a0!<\/p>\n<p>\u00ab\u00a0San Pedro c\u2019est Bueno\u00a0\u00bb<\/p>\n<p>&nbsp;<\/p>\n<p style=\"text-align: right;\"><strong><em>Demain un trip en Bolivie nous attend\u2026<\/em><\/strong><\/p>\n<p style=\"text-align: right;\"><strong><em>Merci \u00e0 la  Famille d\u2019Herb\u00e8s, qui nous aura fourni pas mal d\u2019infos sur ce long pays tr\u00e8s vari\u00e9.<\/em><\/strong><\/p>\n<p style=\"text-align: right;\"><strong><em>Et comme toujours plein de bisous \u00e0 tous&#8230;<\/em><\/strong><\/p>\n","protected":false},"excerpt":{"rendered":"<p>&nbsp; Le Chili De Santiago \u00e0 San Pedro Pur\u00e9e mais quel changement. Apr\u00e8s tant de mois \u00e0 parler anglais, passer d\u2019un coup \u00e0 l\u2019espagnol, c\u2019est vraiment la mis\u00e8re. On rigole bien quand m\u00eame. On fait des mix \u00ab\u00a0Fragnol\u00a0\u00bb saupoudr\u00e9s de quelques notes british\u00a0! \u00c7a va les gens sont agr\u00e9ables et souriants. Amandine se remet tranquille &hellip; <a class=\"read-excerpt\" href=\"http:\/\/amandine.quiriconi.fr\/?page_id=193\">Continuer la lecture <span class=\"meta-nav\">&raquo;<\/span><\/a><\/p>\n","protected":false},"author":1,"featured_media":0,"parent":25,"menu_order":0,"comment_status":"open","ping_status":"open","template":"","meta":{"footnotes":""},"class_list":["post-193","page","type-page","status-publish","hentry"],"_links":{"self":[{"href":"http:\/\/amandine.quiriconi.fr\/index.php?rest_route=\/wp\/v2\/pages\/193"}],"collection":[{"href":"http:\/\/amandine.quiriconi.fr\/index.php?rest_route=\/wp\/v2\/pages"}],"about":[{"href":"http:\/\/amandine.quiriconi.fr\/index.php?rest_route=\/wp\/v2\/types\/page"}],"author":[{"embeddable":true,"href":"http:\/\/amandine.quiriconi.fr\/index.php?rest_route=\/wp\/v2\/users\/1"}],"replies":[{"embeddable":true,"href":"http:\/\/amandine.quiriconi.fr\/index.php?rest_route=%2Fwp%2Fv2%2Fcomments&post=193"}],"version-history":[{"count":3,"href":"http:\/\/amandine.quiriconi.fr\/index.php?rest_route=\/wp\/v2\/pages\/193\/revisions"}],"predecessor-version":[{"id":199,"href":"http:\/\/amandine.quiriconi.fr\/index.php?rest_route=\/wp\/v2\/pages\/193\/revisions\/199"}],"up":[{"embeddable":true,"href":"http:\/\/amandine.quiriconi.fr\/index.php?rest_route=\/wp\/v2\/pages\/25"}],"wp:attachment":[{"href":"http:\/\/amandine.quiriconi.fr\/index.php?rest_route=%2Fwp%2Fv2%2Fmedia&parent=193"}],"curies":[{"name":"wp","href":"https:\/\/api.w.org\/{rel}","templated":true}]}}

<p><a href="http://amandine.quiriconi.fr/wp-content/uploads/2011/05/8.gif"><img loading="lazy" decoding="async" class="aligncenter" title="8" src="http://amandine.quiriconi.fr/wp-content/uploads/2011/05/8-300x197.gif" alt="" width="300" height="197" /></a></p>
<p>&nbsp;</p>
<p><span style="text-decoration: underline; color: #800080;"><em><strong>Le Chili De Santiago à San Pedro</strong></em></span></p>
<p>Purée mais quel changement. Après tant de mois à parler anglais,  passer d’un coup à l’espagnol, c’est vraiment la misère. On rigole bien  quand même. On fait des mix « Fragnol » saupoudrés de quelques notes  british ! Ça va les gens sont agréables et souriants.</p>
<p>Amandine se remet tranquille à la langue et Bastien se démerde comme il peut ; « Somos Frances, gracias, una cerveza de mas… »</p>
<p>Et pour la famille Roudil « un pollo, un pescado o un biftek »</p>
<p>&nbsp;</p>
<p>Sur ce, nous voilà à <strong><em>Santiago</em></strong>, capitale bondée et polluée. Des centaines de tours pour loger plus de 4millions d’habitants.</p>
<p>On prendra le temps de se remettre du décalage horaire et balader un petit peu dans le centre.</p>
<p>Montée en funiculaire au <strong><em>Céro San Cristobal </em></strong>avec vue sur la ville et son nuage de pollution, c’est à peine si on distingue les monts qui nous entourent.</p>
<p>Les chiliens sont très croyants (comme toute l’Amérique Latine). En  étant monté un dimanche, il y avait beaucoup de monde, mais avant des  sportifs tels des cyclistes et coureurs, venus voir ou prier l’immaculé  conception (la vierge) qui se situe au sommet.</p>
<p>Avant de redescendre ils se boivent un <strong><em>Rico Moté</em></strong> (jus de pêche très sucré avec morceaux et un genre d’ébly dans le  fond), alors on aura fait de même, mais on en boira pas tout les jours !</p>
<p>&nbsp;</p>
<p>Ah Oui, aussi, on vous raconte !</p>
<p>Quand Bastien décide de se couper les cheveux à minuit et que la  tondeuse lui fait défaut et qu’elle décide de ne plus marcher,  heureusement qu’Amandine et son couteau suisse sont là pour lui sauver  la mise. Et faire un semblant de coupe !</p>
<p>Merci les filles d’avoir pensé au couteau suisse avant de partir, on savait bien qu’il allait servir !</p>
<p>Après ces quelques jours on organise notre voyage en bus. Vu que le  Chili c’est très étendu et que nous sommes censés rester 15 jours, il  fallait faire un choix …</p>
<p>Vu qu’on n’est pas équipés pour le froid de la Patagonie (ds le Sud),  on prendra la route du nord ainsi que la lourde décision de faire  sauter notre vol entre Santiago et Lima.</p>
<p>Heureusement que les bus de la compagnie Turbus, sont « grand  standing ». Vraiment mieux que l’avion, films, clim et même un stewart  très dévoué !</p>
<p>Premier stop à <strong><em>la  Serena</em></strong> après 7 heures de bus.</p>
<p>On débarque à 21h, sans savoir où aller, donc on recherchera  désespérément un lieu pour passer la nuit. Finalement, en demandant à un  jeune qui rentrait de l’université, nous irons directement taper chez  l’habitant, qui loue des chambres. C’était marrant parce que ni une ni  deux, il nous a aidé à chercher dans toutes les rues aux alentours de  chez lui, pour finalement nous dégoter une maison rien que pour nous  (20$ la nuit).</p>
<p>Lendemain, léger tour avant de finir dans un genre de Polygone, où  Mandoux s’achètera de nouvelles Basket Adidas « hautes en couleur » !</p>
<p>On goutera aussi à leur fameux hot dog chilien. Yearkkk !&#8230;</p>
<p>Puis à 20h c’est reparti pour 14h de bus jusqu’à <strong><em>Antofagasta</em></strong>.</p>
<p>Une fois arrivée à 8h du mat, notre mission du jour, avant de  reprendre un bus à 13h (pour San Pedro de Atacama), sera d’aller voir <strong><em>la Portada</em></strong>. (Formation rocheuse dans l’Océan situé à 40 kms de la ville).</p>
<p>On dit MISSION car pour y parvenir, on aura fait la toupie grâce aux  infos peu fiables de certains habitants. On sera tombés bien  heureusement, sur 2 chauffeurs de bus, très sympas, qui nous auront pas  fait payer dont un qui nous aura emmené personnellement là bas.</p>
<p>Alléluia et Gracias !</p>
<p style="text-align: center;"><em>On tombe quand même souvent sur des bonnes personnes, on les attire avec notre bonne Aura !</em></p>
<p><em> </em></p>
<p><strong><em>San Pedro de Atacama </em></strong>situé à 2300 m d’altitude, avec son désert de sel, le plus aride du monde et avec moins de 30 mm de pluie par an !</p>
<p>Avec ce climat et l’altitude, la faune et la flore y sont spéciales :  Lamas, Vicunas,  Flamands roses,  Petits Renards « appelés Zorro »,  Vizcachas (un genre de gros lapin), rapaces, cactus en tout genre (dont  le cactus chandelier qui peut faire jusqu’à 9m).</p>
<p>Température d’été la journée et d’hiver la nuit.</p>
<p>D’ici, on peut voir <strong><em>la Cordillères</em></strong><strong><em> des Andes</em></strong>, avec ces plateaux verdoyants et ces volcans encore actifs pour certain, qui cumulent jusqu’à plus de 6000m.</p>
<p>Magnifique et perdu au milieu de nulle part exactement ce que l’on recherchait.</p>
<p>Une fois à destination on se dirige vers l’hostal Sonchek, où l’on  avait réservé tant bien que mal, une chambre pour les nuits à venir.</p>
<p>Seulement la réservation n’avait pas été prise en comtpe et les  seules places dispo étaient en dortoir… Oulala (rappelons nous de notre  dernière mauvaise expérience) !</p>
<p>En fait tout va bien, il s’agit de dortoir pour 4 personnes maxi et  nous l’aurons partagé avec deux allemandes.  «  Ahr Ya, Ich Bin Bastien  Und Ich Bin Mude » (hein Pop ?)</p>
<p>Bref on est tout content !</p>
<p>&nbsp;</p>
<p>1 er jour ; Tour du village pour prendre quelques repères et comparer les prix et activités des moultes agences de tourismes.</p>
<p>Et oui le trou du cul du monde est très touristique !</p>
<p>C’est par la même occasion que le deuxième jour, nous visiterons la vallée de la Lune, qui ressemble à la surface de la  Lune !</p>
<p>Et la vallée de la  Mort, qui au départ n’était rien d’autre que la  vallée de Mars « Marte »… et qui s’est transformé peu à peu en Muerte,  donc Mort, qui est un nom bien plus vendeur !</p>
<p>Nous ferons connaissance avec Dan, grâce à un pet de Bastien un peu trop puissant !</p>
<p>Le soir nous mangerons ensemble dans un resto musical avec un bon  petit groupe d’ici et d’ailleurs. Merci à Batman qui à montré le bout de  son nez !</p>
<p>&nbsp;</p>
<p><span style="text-decoration: underline;">Petite anecdote :</span></p>
<p>Dans l’après midi, nous sommes allés retirer de l’argent et avons, on ne sait comment, oublié la carte dans le distributeur.</p>
<p>Le hic, c’est qu’on s’en est rendu compte que le soir au resto, ça à donné :</p>
<p>A : « T’as la carte toi ? »</p>
<p>B : « Ben non »</p>
<p>A : «  Moi non plus »</p>
<p>B : « C’est toi qui t’en es servie en dernier pour retirer »</p>
<p>A : « Merde, je crois que je l’ai oublié »</p>
<p>B : « Ah ben bravo »</p>
<p>A : « Oh ça va j’ai pas besoin d’entendre ça, tu étais là aussi »</p>
<p>&nbsp;</p>
<p>Et nous voilà parti vers le distributeur à 23 h au cas où !</p>
<p>Evidement pas de carte Gold, Bast rassure Amandine la fautive…</p>
<p>De retour au resto, on explique cette situation ennuyeuse aux  copains, dont un chilien (Evo), qui nous a dit d’aller voir la police  pas loin.</p>
<p>Grâce à notre cul bordé de nouilles, de tagliatelles, spaghettis …  Ils avaient notre précieuse carte. Un Big merci à la personne qui nous  l’a ramené ainsi qu’à notre bonne étoile.</p>
<p>&nbsp;</p>
<p>3<sup>ème</sup> jour ; Session sandboard dans la Vallée de la Muerte !</p>
<p>Pour y aller on aura loué deux vélos et un surf à 9h du mat pour ne pas crever de chaud. Vamos à la Duna.</p>
<p>C’est comme à la neige, mais t’es en short/ T shirt.</p>
<p>C’était vraiment Fun, on a bien déliré avec Patricio (un mec rencontré sur le tas « de sable » hihihihihi).</p>
<p>Même Bastien a surfer comme un pro, alors que la seule fois où il a  touché un snowboard, c’était seulement pendant 10 minutes avec Florent,  y’a quelques années déjà.</p>
<p>Le sable était comme de la bonne poudreuse, sauf que le sable ça  colle quand tu te casse la gueule et qu’il n’y a pas de remontées  mécaniques.</p>
<p>Ça aura été sport !</p>
<p>« San Pedro c’est Bueno »</p>
<p>&nbsp;</p>
<p style="text-align: right;"><strong><em>Demain un trip en Bolivie nous attend…</em></strong></p>
<p style="text-align: right;"><strong><em>Merci à la  Famille d’Herbès, qui nous aura fourni pas mal d’infos sur ce long pays très varié.</em></strong></p>
<p style="text-align: right;"><strong><em>Et comme toujours plein de bisous à tous&#8230;</em></strong></p>

<p>&nbsp; Le Chili De Santiago à San Pedro Purée mais quel changement. Après tant de mois à parler anglais, passer d’un coup à l’espagnol, c’est vraiment la misère. On rigole bien quand même. On fait des mix « Fragnol » saupoudrés de quelques notes british ! Ça va les gens sont agréables et souriants. Amandine se remet tranquille &hellip; <a class="read-excerpt" href="http://amandine.quiriconi.fr/?page_id=193">Continuer la lecture <span class="meta-nav">&raquo;</span></a></p>
